{"id":10,"date":"2018-01-08T08:41:48","date_gmt":"2018-01-08T08:41:48","guid":{"rendered":"http:\/\/redmodcard.webs.upv.es\/?page_id=10"},"modified":"2018-04-16T10:58:01","modified_gmt":"2018-04-16T10:58:01","slug":"miembros","status":"publish","type":"page","link":"https:\/\/redmodcard.webs.upv.es\/?page_id=10","title":{"rendered":"Miembros de la Red"},"content":{"rendered":"<div id=\"pl-10\"  class=\"panel-layout\" ><div id=\"pg-10-0\"  class=\"panel-grid panel-no-style\" ><div id=\"pgc-10-0-0\"  class=\"panel-grid-cell\" ><div id=\"panel-10-0-0-0\" class=\"so-panel widget widget_text panel-first-child panel-last-child\" data-index=\"0\" >\t\t\t<div class=\"textwidget\"><p>La red V-Heart incluye la pr\u00e1ctica totalidad de los grupos espa\u00f1oles que investigan en la\u00a0modelizaci\u00f3n computacional del coraz\u00f3n. En ella podemos encontrar grupos m\u00e1s\u00a0especializados en la modelizaci\u00f3n fisiol\u00f3gica de la actividad el\u00e9ctrica, desde el nivel celular\u00a0hasta el nivel del cuerpo humano. Adem\u00e1s, la red consta de grupos especializados en\u00a0modelizar la actividad mec\u00e1nica y grupos especialistas en interpretar las se\u00f1ales a\u00a0diferentes niveles. Tambi\u00e9n se compone de expertos en m\u00e9todos num\u00e9ricos que facilitar\u00e1n<br \/>\ntanto el desarrollo de los modelos como la implementaci\u00f3n de software que permita realizar\u00a0simulaciones en tiempos aceptables para los profesionales de la medicina y expertos en\u00a0computaci\u00f3n de altas prestaciones que ponen a disposici\u00f3n de la red el entorno Alya\u00a0desarrollado en el Barcelona Supercomputing Center (BSC) para la implementaci\u00f3n de los<br \/>\nmodelos computacionales card\u00edacos.<\/p>\n<p>La red V-Heart es, por tanto, una red multidisciplinar que permitir\u00e1 abordar con garant\u00edas los\u00a0complejos problemas asociados al desarrollo de modelos multi-escala del coraz\u00f3n.<br \/>\nEs importante destacar que el desarrollo de dichos modelos, especialmente los orientados a\u00a0la medicina personalizada, necesitar\u00e1 la colaboraci\u00f3n de equipos m\u00e9dicos que puedan dar\u00a0soporte a la red con la aportaci\u00f3n de informaci\u00f3n y la validaci\u00f3n posterior de dichos\u00a0modelos. Los miembros de la red V-Heart cuentan con una amplia experiencia en<br \/>\ncolaboraci\u00f3n con equipos m\u00e9dicos. Algunos de estos equipos m\u00e9dicos se detallan en el\u00a0apartado de Colaboradores externos.<\/p>\n<p>La red considera fundamental promover la implicaci\u00f3n de la empresa privada tanto en el\u00a0soporte a la investigaci\u00f3n, como en el desarrollo de productos basados en las<br \/>\ninvestigaciones que se desarrollar\u00e1n en el marco de la red. Por ello, la red mantendr\u00e1 un\u00a0contacto fluido con las principales empresas del sector y organizar\u00e1 actividades (descritas a<br \/>\ncontinuaci\u00f3n) en las que invitar\u00e1 a dichas empresas. Algunas de las empresas que han\u00a0mostrado inter\u00e9s por las investigaciones que se desarrollar\u00e1n en el marco de la red se<br \/>\ndetallan en el apartado de colaboradores externos.<\/p>\n<p>A continuaci\u00f3n, se detallan brevemente las principales caracter\u00edsticas de los grupos\u00a0miembros de la red.<\/p>\n<\/div>\n\t\t<\/div><\/div><\/div><div id=\"pg-10-1\"  class=\"panel-grid panel-no-style\" ><div id=\"pgc-10-1-0\"  class=\"panel-grid-cell\" ><div id=\"panel-10-1-0-0\" class=\"so-panel widget widget_text panel-first-child panel-last-child\" data-index=\"1\" ><h3 class=\"widget-title\">Ci2B<\/h3>\t\t\t<div class=\"textwidget\"><p><strong>(Centro de Investigaci\u00f3n e Innovaci\u00f3n en Bioingenier\u00eda, Universitat Polit\u00e8cnica de\u00a0Val\u00e8ncia )<\/strong> es un centro de investigaci\u00f3n con m\u00e1s de 20 a\u00f1os de experiencia en el desarrollo\u00a0de modelos multi-escala del coraz\u00f3n. El Ci2B ha publicado modelos de la actividad el\u00e9ctrica\u00a0de diferentes tejidos card\u00edacos (aur\u00edcula, ventr\u00edculo o fibras de purkinje). En los \u00faltimos a\u00f1os\u00a0ha desarrollado m\u00e9todos para el estudio de la cardiotoxicidad de f\u00e1rmacos y de terapias\u00a0basadas en ablaci\u00f3n por radiofrecuencia basados en modelos 3D realistas de los ventr\u00edculos\u00a0y de las aur\u00edculas.<\/p>\n<p><strong><a href=\"http:\/\/www.ci2b.es\">www.ci2b.es<\/a><\/strong><\/p>\n<\/div>\n\t\t<\/div><\/div><div id=\"pgc-10-1-1\"  class=\"panel-grid-cell\" ><div id=\"panel-10-1-1-0\" class=\"so-panel widget widget_text panel-first-child panel-last-child\" data-index=\"2\" ><h3 class=\"widget-title\">BIOFIS-UNAV<\/h3>\t\t\t<div class=\"textwidget\"><p>Para m\u00e1s informaci\u00f3n\u00a0<a href=\"https:\/\/redmodcard.webs.upv.es\/wp-content\/uploads\/2018\/04\/Presentation_VHEARTsn_partner_JB_UNAV.pdf\">Presentation UNAV<\/a><\/p>\n<p><strong>(Grupo de Biof\u00edsica del coraz\u00f3n)<\/strong> es un grupo de investigaci\u00f3n que trabaja\u00a0sobre modelado de tejido card\u00edaco a distintas escalas. Lleva m\u00e1s de 10 a\u00f1os dedicado a\u00a0este tema y como logro importante ha desarrollado m\u00e9todos num\u00e9ricos para estudiar el\u00a0proceso de fibrilaci\u00f3n y desfibrilaci\u00f3n card\u00edaca. El objetivo es la obtenci\u00f3n de un desfibrilador\u00a0menos invasivo (baja energ\u00eda).<\/p>\n<p><strong><a href=\"http:\/\/www.paginaweb.com\">www.paginaweb.com<\/a><\/strong><\/p>\n<\/div>\n\t\t<\/div><\/div><div id=\"pgc-10-1-2\"  class=\"panel-grid-cell\" ><div id=\"panel-10-1-2-0\" class=\"so-panel widget widget_text panel-first-child panel-last-child\" data-index=\"3\" ><h3 class=\"widget-title\">CoMMLaB<\/h3>\t\t\t<div class=\"textwidget\"><p>Para m\u00e1s informaci\u00f3n\u00a0<a href=\"https:\/\/redmodcard.webs.upv.es\/wp-content\/uploads\/2018\/04\/Presentation_VHEARTsn_CoMMLab.pdf\">Presentation CoMMLab<\/a><\/p>\n<p><strong>(Computational Multiscale Simulation Lab)<\/strong> es un grupo de investigaci\u00f3n\u00a0multidisciplinar dedicado a simulaci\u00f3n biof\u00edsica y animaci\u00f3n por computador. Su objetivo es\u00a0el desarrollo de m\u00e9todos inversos de estimaci\u00f3n por computador para facilitar la\u00a0construcci\u00f3n de modelos electrofisiol\u00f3gicos personalizados a paciente, e introducir sistemas\u00a0avanzados de diagn\u00f3stico y planificaci\u00f3n no invasivos en cardiolog\u00eda.<\/p>\n<p><strong><a href=\"http:\/\/commlab.uv.es\">http:\/\/commlab.uv.es<\/a><\/strong><\/p>\n<\/div>\n\t\t<\/div><\/div><\/div><div id=\"pg-10-2\"  class=\"panel-grid panel-no-style\" ><div id=\"pgc-10-2-0\"  class=\"panel-grid-cell\" ><div id=\"panel-10-2-0-0\" class=\"so-panel widget widget_text panel-first-child panel-last-child\" data-index=\"4\" ><h3 class=\"widget-title\">BIOCOM-SC<\/h3>\t\t\t<div class=\"textwidget\"><p><strong>(Grupo de Biolog\u00eda Computacional y sistemas complejos)<\/strong> es un grupo de\u00a0investigaci\u00f3n en modelizaci\u00f3n computacional de sistemas biol\u00f3gicos. Uno de los temas\u00a0principales de investigaci\u00f3n es la modelizaci\u00f3n de din\u00e1mica card\u00edaca, y en particular los\u00a0mecanismos que dan lugar a la fibrilaci\u00f3n auricular. Nuestros modelos abarcan desde el\u00a0nivel subcelular, incluyendo la din\u00e1mica del calcio intracelular y el acoplamiento excitaci\u00f3n-contracci\u00f3n, hasta el nivel de propagaci\u00f3n el\u00e9ctrica en tejido y mecanismos de generaci\u00f3n\u00a0de re-entradas, por ejemplo fibrosis o inestabilidades din\u00e1micas.<\/p>\n<p><strong><a href=\"http:\/\/www.paginaweb.com\">www.paginaweb.com<\/a><\/strong><\/p>\n<\/div>\n\t\t<\/div><\/div><div id=\"pgc-10-2-1\"  class=\"panel-grid-cell\" ><div id=\"panel-10-2-1-0\" class=\"so-panel widget widget_text panel-first-child panel-last-child\" data-index=\"5\" ><h3 class=\"widget-title\">BCAM-MMB<\/h3>\t\t\t<div class=\"textwidget\"><p>Para m\u00e1s informaci\u00f3n\u00a0<a href=\"https:\/\/redmodcard.webs.upv.es\/wp-content\/uploads\/2018\/04\/Presentation_VHEARTsn_BCAM.pdf\">Presentation BCAM<\/a><\/p>\n<p><strong>(Mathematical Modeling in BioSciences)<\/strong> es un grupo de investigaci\u00f3n que\u00a0trabaja sobre el modelado de problemas Biom\u00e9dicos a distintas escalas, de la c\u00e9lula hacia el\u00a0\u00f3rgano. Las actividades principales del grupo se centran en la simulaci\u00f3n personalizada\u00a0(patient-specific) de la Cortical Spreading Depression (una ola el\u00e9ctrica asociada a la\u00a0migra\u00f1a) a trav\u00e9s de la t\u00e9cnica de Diffusion Tensor Imaging, en el acoplamiento de la\u00a0actividad el\u00e9ctrica y metab\u00f3lica y en el modelado computacional de la ablaci\u00f3n por\u00a0radiofrequencia. En este momento, el grupo est\u00e1 compuesto por el IP, dos postdocs, tres\u00a0estudiantes de doctorado y tres colaboradores externos.<\/p>\n<p><strong><a href=\"http:\/\/www.bcamath.org\/en\/research\/lines\/MMB\">http:\/\/www.bcamath.org<\/a><\/strong><\/p>\n<\/div>\n\t\t<\/div><\/div><div id=\"pgc-10-2-2\"  class=\"panel-grid-cell\" ><div id=\"panel-10-2-2-0\" class=\"so-panel widget widget_text panel-first-child panel-last-child\" data-index=\"6\" ><h3 class=\"widget-title\">CIMNE-BIOMENG<\/h3>\t\t\t<div class=\"textwidget\"><p>Para m\u00e1s informaci\u00f3n\u00a0<a href=\"https:\/\/redmodcard.webs.upv.es\/wp-content\/uploads\/2018\/04\/Presentation_VHEARTsn_CIMNE.pdf\">Presentation CIMNE<\/a><\/p>\n<p><strong>(Biomedical Engineering Group, International Center for Numerical\u00a0Methods in Engineering)<\/strong>. CIMNE es un centro de investigaci\u00f3n con m\u00e1s de 30 a\u00f1os de\u00a0experiencia en el desarrollo de m\u00e9todos num\u00e9ricos y t\u00e9cnicas computacionales para el\u00a0avance del conocimiento y la tecnolog\u00eda en el \u00e1rea de la ingenier\u00eda y ciencias aplicadas.<br \/>\nCIMNE-BIOMENG se centra en aplicar dichos m\u00e9todos num\u00e9ricas en el \u00e1mbito de la\u00a0bioingenier\u00eda. Una de las principales \u00e1reas del grupo es procesar\/vincular im\u00e1genes m\u00e9dicas\u00a0con m\u00e9todos num\u00e9ricos para la creaci\u00f3n de modelos virtuales del sistema cardiovascular.<\/p>\n<p><strong><a href=\"http:\/\/www.paginaweb.com\">www.paginaweb.com<\/a><\/strong><\/p>\n<\/div>\n\t\t<\/div><\/div><\/div><div id=\"pg-10-3\"  class=\"panel-grid panel-no-style\" ><div id=\"pgc-10-3-0\"  class=\"panel-grid-cell\" ><div id=\"panel-10-3-0-0\" class=\"so-panel widget widget_text panel-first-child panel-last-child\" data-index=\"7\" ><h3 class=\"widget-title\">PHYSENSE<\/h3>\t\t\t<div class=\"textwidget\"><p><strong>(Sensing in Physiology and Biomedicine)<\/strong> es un grupo de investigaci\u00f3n centrado\u00a0en la integraci\u00f3n del conocimiento matem\u00e1tico, ingenieril y de ciencias b\u00e1sicas con la\u00a0fisiolog\u00eda y la medicina cl\u00ednica, especialmente en el \u00e1mbito cardiovascular. Esto se consigue\u00a0mediante el desarrollo de nuevas metodolog\u00edas de procesado y fusi\u00f3n de datos multi-modales, modelos computacionales personalizados y algoritmos de aprendizaje autom\u00e1tico.\u00a0PhySense ha formado parte de proyectos nacionales e internacionales trasladando los\u00a0modelos computacionales del coraz\u00f3n para responder preguntas cl\u00ednicas concretas, como la\u00a0predicci\u00f3n de la respuesta del paciente a la terapia de resincronizaci\u00f3n card\u00edaca o el estudio\u00a0de intervenciones de ablaci\u00f3n por radio-frecuencia.<\/p>\n<p><strong><a href=\"http:\/\/www.paginaweb.com\">www.paginaweb.com<\/a><\/strong><\/p>\n<\/div>\n\t\t<\/div><\/div><div id=\"pgc-10-3-1\"  class=\"panel-grid-cell\" ><div id=\"panel-10-3-1-0\" class=\"so-panel widget widget_text panel-first-child panel-last-child\" data-index=\"8\" ><h3 class=\"widget-title\">BSICoS-I3A<\/h3>\t\t\t<div class=\"textwidget\"><p><strong>(Biomedical Signal Interpretation and Computational Simulation Group)<\/strong>.\u00a0Modelado y simulaci\u00f3n de la actividad el\u00e9ctrica card\u00edaca en corazones sanos y con\u00a0patolog\u00edas, incluyendo: 1) Estudio de arritmias auriculares: activaci\u00f3n auricular y\u00a0manifestaciones en se\u00f1ales de electrograma (EGM) y electrocardiograma (ECG). 2) Estudio\u00a0de arritmias ventriculares: mecanismos implicados en la generaci\u00f3n de arritmias de\u00a0reentrada y cuantificaci\u00f3n de riesgo a trav\u00e9s de marcadores obtenidos del ECG. 3)\u00a0Modelado din\u00e1mico de la evoluci\u00f3n de la isquemia de miocardio. 4) Modelado estoc\u00e1stico de\u00a0las fluctuaciones en las corrientes i\u00f3nicas de la membrana ventricular y an\u00e1lisis de su\u00a0contribuci\u00f3n a la variabilidad de la repolarizaci\u00f3n. 5) T\u00e9cnicas de procesado de se\u00f1al para\u00a0extraer la informaci\u00f3n del EGM, y\/o ECG.<\/p>\n<p><strong><a href=\"http:\/\/www.paginaweb.com\">www.paginaweb.com<\/a><\/strong><\/p>\n<\/div>\n\t\t<\/div><\/div><div id=\"pgc-10-3-2\"  class=\"panel-grid-cell\" ><div id=\"panel-10-3-2-0\" class=\"so-panel widget widget_text panel-first-child panel-last-child\" data-index=\"9\" ><h3 class=\"widget-title\">ALYA-BSC<\/h3>\t\t\t<div class=\"textwidget\"><p>Para m\u00e1s informaci\u00f3n\u00a0<a href=\"https:\/\/redmodcard.webs.upv.es\/wp-content\/uploads\/2018\/04\/Presentation_VHEARTsn_BSC.pdf\">Presentation BSC<\/a><\/p>\n<p><strong>(Grupo de desarrollo de Alya, Barcelona Supercomputing Center)<\/strong>: Alya es un\u00a0c\u00f3digo de simulaci\u00f3n multif\u00edsica especialmente desarrollado para ser eficiente en grandes\u00a0ordenadores. Una de las principales \u00e1reas de aplicaci\u00f3n es Biomec\u00e1nica, en particular, el\u00a0sistema cardiovascular, con una fuerte participaci\u00f3n de m\u00e9dicos de diferentes instituciones,\u00a0notablemente el CNIC. En este momento, el grupo ALYA-BSC est\u00e1 compuesto por 35 &#8211; 40 investigadores: estudiantes, programadores y postdocs.<\/p>\n<p><strong><a href=\"http:\/\/www.paginaweb.com\">www.paginaweb.com<\/a><\/strong><\/p>\n<\/div>\n\t\t<\/div><\/div><\/div><\/div>","protected":false},"excerpt":{"rendered":"<p>La red V-Heart incluye la pr\u00e1ctica totalidad de los grupos espa\u00f1oles que investigan en la\u00a0modelizaci\u00f3n computacional del coraz\u00f3n. En ella podemos encontrar grupos m\u00e1s\u00a0especializados en la modelizaci\u00f3n fisiol\u00f3gica de la actividad el\u00e9ctrica, desde el nivel celular\u00a0hasta el nivel del cuerpo humano. Adem\u00e1s, la red consta de grupos especializados en\u00a0modelizar la actividad mec\u00e1nica y grupos especialistas en interpretar las se\u00f1ales a\u00a0diferentes niveles. Tambi\u00e9n se compone de expertos en m\u00e9todos num\u00e9ricos que facilitar\u00e1n tanto el desarrollo de los modelos como la implementaci\u00f3n &hellip; <a class=\"kt-excerpt-readmore\" href=\"https:\/\/redmodcard.webs.upv.es\/?page_id=10\" aria-label=\"Miembros de la Red\">Read More<\/a><\/p>\n","protected":false},"author":1,"featured_media":0,"parent":0,"menu_order":0,"comment_status":"closed","ping_status":"closed","template":"page-fullwidth.php","meta":{"footnotes":"","_links_to":"","_links_to_target":""},"class_list":["post-10","page","type-page","status-publish","hentry"],"_links":{"self":[{"href":"https:\/\/redmodcard.webs.upv.es\/index.php?rest_route=\/wp\/v2\/pages\/10","targetHints":{"allow":["GET"]}}],"collection":[{"href":"https:\/\/redmodcard.webs.upv.es\/index.php?rest_route=\/wp\/v2\/pages"}],"about":[{"href":"https:\/\/redmodcard.webs.upv.es\/index.php?rest_route=\/wp\/v2\/types\/page"}],"author":[{"embeddable":true,"href":"https:\/\/redmodcard.webs.upv.es\/index.php?rest_route=\/wp\/v2\/users\/1"}],"replies":[{"embeddable":true,"href":"https:\/\/redmodcard.webs.upv.es\/index.php?rest_route=%2Fwp%2Fv2%2Fcomments&post=10"}],"version-history":[{"count":45,"href":"https:\/\/redmodcard.webs.upv.es\/index.php?rest_route=\/wp\/v2\/pages\/10\/revisions"}],"predecessor-version":[{"id":461,"href":"https:\/\/redmodcard.webs.upv.es\/index.php?rest_route=\/wp\/v2\/pages\/10\/revisions\/461"}],"wp:attachment":[{"href":"https:\/\/redmodcard.webs.upv.es\/index.php?rest_route=%2Fwp%2Fv2%2Fmedia&parent=10"}],"curies":[{"name":"wp","href":"https:\/\/api.w.org\/{rel}","templated":true}]}}